t v(u) = 14*u + 4. Let a(t) = 1. Let s(c) = -5*a(c) + v(c). Give s(1).
13
Let g(h) = -h**3 - 4*h**2 - 3*h - 2. Suppose s - 48 = 13*s. Calculate g(s).
10
Let a(g) be the second derivative of g**3/6 + 5*g**2/2 + 2*g. Let t = 10 + -7. Suppose -4*y = 5*c - 0 + 5, -20 = c - t*y. What is a(c)?
0
Let s(r) be the second derivative of -r**5/20 - r**4/3 + r**3/2 - r**2 + 10*r. What is s(-4)?
-14
Let y(z) = -z**2 - 7*z - 4. Suppose -2*l + 0 - 12 = 2*f, -4*l + 3*f = 31. Give y(l).
-4
Let w(j) be the second derivative of j**5/20 + 7*j**4/12 + j**3/3 + 3*j**2 - 17*j. Calculate w(-7).
-8
Let h(u) be the first derivative of u**6/360 + u**4/12 - u**3/3 + 1. Let p(q) be the third derivative of h(q). Calculate p(2).
6
Let x(k) = 0*k - 3*k + 2 + 3*k**2 - k**3 + 0. Determine x(3).
-7
Let x(i) = -i - 3. Let r be x(-4). Let h(u) = 37*u - 73*u + 1 + 35*u. Give h(r).
0
Let r(a) = a**2 - 5*a - 4. Let z = -17 + 14. Determine r(z).
20
Let z = -6 - -10. Suppose r = z*t - 3*r + 4, 4*t - 1 = 3*r. Let b(h) = h**2 - 7*h + 6. Determine b(t).
-6
Let j(x) = -2 - 2*x + 3 - 3 + 3. Determine j(3).
-5
Let u(x) be the first derivative of x**2/2 + 4*x + 3. Suppose 0 = -5*c + 27 + 13. Let b be 1 + ((-4)/(-2) - c). What is u(b)?
-1
Let w(o) = -4*o - 2. Let p = 10 + -6. Calculate w(p).
-18
Let b(c) be the third derivative of -c**5/60 - c**4/4 - c**3/3 + c**2. Let t = -10 + 6. Determine b(t).
6
Let y be (1 - -2 - 2)*7. Let p(o) = o**2 - 6*o - 4. Calculate p(y).
3
Suppose -9*r = -12*r + 9. Let p(i) = 15*i + 11. Let n(u) = 7*u + 5. Let z(w) = r*p(w) - 7*n(w). Determine z(-2).
6
Let d(o) = o**2 + 1. Let u(y) = -2*y**2 - 4. Let h(b) = -3*d(b) - u(b). Give h(2).
-3
Let u(f) = f**3 - 10*f**2 + f - 13. Let t be u(10). Let g(d) = 3*d + 3. Give g(t).
-6
Let p(s) = 2*s - 5. Let l(v) = -2*v + 4. Let y(r) = -4*l(r) - 3*p(r). Let i = 1 + -1. Suppose -o = -i*o + 2. What is y(o)?
-5
Let j(b) = -b + 5. Let x(i) = i - 4. Let r be (12/14)/(6/28). Let l(f) = r*x(f) + 3*j(f). Give l(4).
3
Let j(i) = -i**2 + 11*i - 5. Let s be j(11). Let o = s + 7. Suppose 0*v = o*v - 6. Let t(k) = 4*k - 3. Determine t(v).
9
Let z(n) = n**3 + 2*n**2 + 3*n. Let f be 213*2/18*3. Let j = f + -119. Let w be j/36 + 4/(-6). Give z(w).
-6
Let r(s) = 9*s**3 + 10*s**2 + 12*s + 9. Let k(d) = -4*d**3 - 5*d**2 - 6*d - 4. Let i(b) = -7*k(b) - 3*r(b). Calculate i(-4).
-7
Let t be ((0 - 1)*19)/(-1). Suppose 2*y = 3*h - t, 5*h + 1 - 16 = 0. Let u(l) = -l + 5. Give u(y).
10
Let n(h) = -1 + 2 - 2*h + 3. Let y(v) = v**2 + 9*v - 9. Let w be y(-10). Let j be w - (-3 + -1 + 1). Determine n(j).
-4
Let s(r) be the third derivative of r**5/120 - r**3/3 - 6*r**2. Let t(b) be the first derivative of s(b). What is t(3)?
3
Let f(h) = -8*h**2 - 18*h + 23. Let c(b) = 3*b**2 + 6*b - 8. Let p(u) = -11*c(u) - 4*f(u). What is p(6)?
-4
Suppose s + n + 3 = 4, 0 = -s + 5*n + 25. Let h(q) = -s - q + 6*q - 3*q - q. Give h(8).
3
Let z(n) = -10*n**3 + n**2 - 2*n + 7. Let m(u) = -3*u**3 - u + 2. Let q(l) = -7*m(l) + 2*z(l). What is q(-2)?
-6
Suppose 0*x - 4*x + 12 = 0. Let a(o) = -1 + 0*o + 4*o - 8*o + o**2. What is a(x)?
-4
Let z(h) = -h**3 - 4*h**2 + h - 2. Let f = -3 - 1. Let g(o) = -5*o + 2. Let r be g(2). Let w = r - f. Determine z(w).
-6
Let l(i) be the third derivative of 1/3*i**3 + 0 - 4*i**2 + 1/4*i**4 + 1/60*i**5 + 0*i. Let t = 11 - 17. Give l(t).
2
Let j(f) be the third derivative of -f**7/2520 + f**6/180 - f**5/24 + f**4/24 + f**2. Let p(z) be the second derivative of j(z). Give p(4).
-5
Let d(u) = -5*u**2 - 15*u + 4. Let p(o) = 2*o**2 + 8*o - 2. Let z(y) = -3*d(y) - 7*p(y). Determine z(8).
-22
Let g(v) be the third derivative of -v**7/840 - v**6/120 - v**5/120 + v**4/12 - v**3/3 + 2*v**2. Let z(r) be the first derivative of g(r). Determine z(-2).
0
Let p(x) be the first derivative of x**6/120 - x**5/60 - 11*x**3/6 + x**2/2 - 4. Let q(u) be the second derivative of p(u). Calculate q(0).
-11
Suppose 3*v = -2*i + i - 3, -13 = 2*i - v. Let y(h) = -h**2 - 2*h - 2. Let d(c) = -c - 1. Let z(n) = -6*d(n) - y(n). Calculate z(i).
-4
Let y(t) be the third derivative of -t**4/6 + t**3 + 4*t**2. Determine y(4).
-10
Let n(c) = -c**2 - 8*c + 9. Let x = -84 - -75. Calculate n(x).
0
Let n(p) be the second derivative of p**3/6 - p**2 - 23*p. Let r(d) = d**3 - 2*d**2 - 4*d + 3. Let y = -5 - -8. Let u be r(y). Calculate n(u).
-2
Let d(l) = l + 9. Suppose -3*c = -4*c. What is d(c)?
9
Let t(h) = h**2 - 3*h. Let f(c) = -c + 14. Let o = 0 + 10. Let i be f(o). Determine t(i).
4
Let z(k) = -k**2 - 15*k - 29. Let a be z(-13). Let d = -4 + 6. Let j(p) = -2 + 2*p**d + p**3 + p**2 + p + 0*p**3. Give j(a).
-5
Suppose -5*d + 4 = -11. Let z(c) = 1 + 2*c - c + d. Suppose 26 + 4 = -6*j. Give z(j).
-1
Let l(d) be the second derivative of -3*d**2 - 1/3*d**3 + 0 + 2*d. What is l(-5)?
4
Let h(v) = -5 + 7 + 4*v - v. Calculate h(-2).
-4
Let q(x) be the first derivative of 2*x**3 - x**2 + x - 7. Determine q(1).
5
Let i be 20/110 + (-42)/(-11). Let q(v) = 3*v**2 - 5*v - 5. Let f(z) = 7*z**2 - 10*z - 11. Let j(n) = 2*f(n) - 5*q(n). Calculate j(i).
7
Let j(f) = -f**2 + 9. Let a be j(-4). Let c(k) = 2*k + 8. What is c(a)?
-6
Let p(v) = -3*v**3 - v**2 - v. Suppose -2*b - 5 = 2*i - 5*i, 2*b - i = -3. Give p(b).
3
Let o = 40 + -40. Let b(d) be the first derivative of d**3/3 - d**2/2 + 8*d - 1. Give b(o).
8
Let h(o) be the third derivative of o**9/60480 - o**8/3360 + o**7/1260 + o**6/144 + o**5/15 + 4*o**2. Let k(m) be the third derivative of h(m). Calculate k(5).
0
Let s be 2/3*(-18)/12. Let u be -6*s/((-12)/(-8)). Let w(q) = -3*q - 3. Give w(u).
-15
Let r(b) be the third derivative of 7*b**6/120 - b**5/60 + b**3/6 + 6*b**2. Suppose -d - 19 = 4*v, -d + 3*v + 9 = -7. Calculate r(d).
7
Let n be (-4 + 8)*(-15)/12. Let r(d) = d**2 + 3*d - 4. Calculate r(n).
6
Let d(t) = -t**2 - 2*t + 1. Suppose -o - 2*v + 2 = 6, 0 = 3*o + 4*v + 10. Determine d(o).
1
Let x(p) = p**3 + 3*p**2 - 10*p + 4. Let j be x(-5). Let f(y) = -y**3 + 3*y**2 + 2*y - 5. Calculate f(j).
-13
Suppose -d + 8 = -2*h, -3*d + 6*d + h = 10. Let w(j) = -j**3 + 2*j**2 + 4*j + 4. Determine w(d).
-12
Let d(s) = s**2. Let g(c) = -5*c**2 - 2*c + 1. Let x(w) = 4*d(w) + g(w). Suppose 5*m - 13 = -3*t + 24, -4*t = -5*m - 26. Let i = t + -12. What is x(i)?
-2
Let b(h) = h**2. Let u(s) = 7 + s - s + 2 - s. Let x be u(10). What is b(x)?
1
Let d(q) = 0*q + 11*q**2 + q + q**3 - 4*q**2 + 7. Let h be (3 - 10 - 0)/1. What is d(h)?
0
Let i(k) = k**3 + 3*k**2 - k - 2. Let l be i(-3). Let c(h) = -3 - 4*h - l - 1 - h - h**2. Determine c(-4).
-1
Let s(r) = -3*r - 2. Let i be 1*2/(-4)*4. Calculate s(i).
4
Suppose 0 = 2*v + 5*a + 7, -v - 3*a - 2 = 3. Suppose 0 = x - 1, -s - x = v - 3. Let d(p) = p**3 + 4*p**2 + 3*p + 1. What is d(s)?
3
Let s(d) = -d + 4. Let p be (-1)/(-1 - 0) + 4. Suppose p*j + 6 = -4. Let m be (4/(-10))/(j/10). Determine s(m).
2
Let l(j) be the first derivative of j - j**3 - 1/2*j**2 + 4 - 1/4*j**4. Determine l(-2).
-1
Let d(l) = -2*l**2 - 12*l - 14. Let i be d(-4). Let w(v) = v**3 - 3*v**2 - v - 2. Calculate w(i).
-8
Let u(q) = 132 - 2*q - 70 - 61. Determine u(-3).
7
Let r(g) be the first derivative of 11*g**4/4 - 7*g**3/3 - 5*g - 1. Let j(m) = -5*m**3 + 4*m**2 + 3. Let w(k) = -7*j(k) - 4*r(k). What is w(-1)?
8
Let s = 1 - 3. Let a(q) = 4*q + 5. Let y be a(s). Let v(n) = n + 4. Determine v(y).
1
Let q(h) = h**2 + 3*h - 6. Suppose -2*y - 56 = 4*t - 2, -5*y + 21 = -2*t. Let w = -7 + 15. Let d = w + t. Determine q(d).
4
Let k(p) be the first derivative of p**2/2 + 3*p - 2. Let z be (-3 - (0 + -1)) + 18. Suppose -4*q + 0*q - z = 0. What is k(q)?
-1
Suppose -4*n - 4*a + 0*a = -40, 4*n - 36 = -3*a. Let i(t) = 2 - 5 + 4*t + n. Determine i(-2).
-5
Let r(m) = -2*m - 7. Let s(a) = a**2 - 7*a - 3. Suppose z + 0*z - 6 = 0. Let l be s(z). Let u = l - -4. What is r(u)?
3
Let b = -1 + 2. Let r = b - 1. Let m(p) = r - 5 + 2 - 2*p + p**2. What is m(4)?
5
Let n(s) = 3*s + 2. Let f = 16 - 13. What is n(f)?
11
Suppose 2*d - 4 + 2 = 0. Let o = -4 - d. Let s(q) be the third derivative of q**4/24 + q**3 + q**2. What is s(o)?
1
Let w(s) = 2*s. Let j = -6 + 1. Let p = j - -7. Determine w(p).
4
Let z(u) = -4 + 1 - 4 - u. Let c = -9 - -5. Give z(c).
-3
Let r(b) = 3*b + 8. Let l(s) = 2*s - 1. Let q(y) = -2*l(y) + r(y). Let f(n) = 6*n**2 + n. Let j be f(-1). Calculate q(j).
5